Let j = x + -14. What is the tens digit of j?
1
Suppose -5*v + 13 = i, 0 = -2*v - v. Suppose -4*n = -i - 27. What is the tens digit of n?
1
Let w(j) = -j**2 + 9*j + 2. Let c be ((-15)/(-3) - -2)*1. What is the tens digit of w(c)?
1
Let y be ((-6)/4)/(2/4). Let r(d) be the first derivative of d**3/3 - d**2/2 - 2*d - 8. What is the units digit of r(y)?
0
Let x = -16 + 22. Suppose -2*c + 3*q = -7, 3*c + 3*q + 15 = -q. What is the units digit of (x - (c + -2)) + -1?
8
Suppose 19*k + 21 = 18*k. Suppose -2*z + 5*v - 16 = -z, 3*z = -3*v - 30. Let q = z - k. What is the units digit of q?
0
Suppose -24 = 3*x + x. What is the units digit of (-2)/x + 11/3?
4
Let h be 15/(-2)*12/(-18). Suppose -3*a - 12 = -3*t, -13 + 3 = -h*a - t. Suppose 0 = -w - 0*w + 3*r - a, -5 = -w + r. What is the units digit of w?
8
What is the units digit of -1*(-242)/8 - 74/296?
0
Let j be (-246)/(-10) - (-9)/(-15). Suppose 3 = c - j. Suppose 2 = -5*p + c. What is the units digit of p?
5
Let m(g) = 0*g**2 + 5*g**2 + 3 - 7 - 4*g**2. What is the units digit of m(-3)?
5
Suppose -3*k - 10 + 28 = 0. Suppose -2*d + k = 0, i + 4*d = 9 + 3. Suppose -3*w = 4*x - 48, i = x - 3*x. What is the tens digit of w?
1
Let v(u) be the second derivative of -2*u**3/3 - 2*u**2 - 6*u. What is the tens digit of v(-7)?
2
Let n(x) = 4*x**2 + 9*x + 8. Let j be n(-5). Let b = j - 34. What is the units digit of b?
9
What is the units digit of 32/12*3/2?
4
Suppose 17 = o + 3. What is the tens digit of o?
1
Let o be -5 - -2 - -10 - -1. What is the units digit of (o/12)/(4/42)?
7
Let o = -39 - -98. What is the units digit of o?
9
Let w(h) = h**3 + h**2 - h + 14. What is the tens digit of w(0)?
1
Suppose 0 = -0*b - 4*b + 16. Let v be (-2)/b + 22/4. Suppose -r + 16 - v = 0. What is the tens digit of r?
1
Let u be 10/15*(-24)/(-2). Let k = 3 - -1. Suppose 0 = -k*a - 0*a + u. What is the units digit of a?
2
Let n(j) = 3*j**2 + 5*j - 10. What is the tens digit of n(8)?
2
Suppose a - 3*m = 4*a - 156, 4*m = a - 72. What is the tens digit of a?
5
Suppose -l + 0*l = 0. Let t be l*(-2)/6 - 8. Let r(b) = b + 14. What is the units digit of r(t)?
6
Let h be (45/27)/((-1)/(-3)). Suppose 0 = d + 4*c - 16, 4 = -4*d - h*c + 68. What is the units digit of d?
6
Suppose 5*j - j - 5*l - 443 = 0, 0 = -j - 2*l + 114. What is the tens digit of j?
1
Let y = 9 - -6. What is the units digit of 2*y*3/6?
5
Let g(f) = -f**2 + 10*f - 7. What is the tens digit of g(6)?
1
What is the tens digit of 1*(3 - 4)*-36?
3
Let m be (0 - -1)/((-2)/(-38)). Suppose 5*y = m + 11. What is the units digit of y?
6
Let f(n) = -n**3 - 14*n**2 - 13*n + 6. Let y be (-39)/36*-3*-4. What is the units digit of f(y)?
6
Suppose -2*h + 3*s = -5 - 12, -3*h - s = -53. Let c = -31 + h. Let v = 1 - c. What is the tens digit of v?
1
Let f be (-8)/(-36) + 20/(-9). Let b be (-1)/f - 4/(-8). Let h(c) = 11*c**2 - 1. What is the units digit of h(b)?
0
Suppose 3*j + f + 3*f = -17, 2*f = -5*j - 19. Suppose -3*k + 3*u = 57, -5*u + 7 = 5*k + 62. Let r = j - k. What is the units digit of r?
2
Suppose -8 = -2*w, 2*w - 85 + 263 = 3*s. What is the tens digit of s?
6
Let l(c) = c**3 - 6*c**2 - 9*c + 8. Let f be l(7). Let w be f + 0 - (5 - 6). What is the units digit of w/(10/4) - -10?
8
Let j be (-7)/14 + (-290)/(-4). Let h = j - 40. What is the units digit of h?
2
Let x be (-10)/(-35) - (-124)/7. Suppose j + x = 3*l + 6, -6 = l + 3*j. What is the units digit of l + 0/(-5 + 2)?
3
Suppose 3*c - 16 = -2*c + 2*a, -6 = 3*c + 4*a. Let w = c - -19. What is the units digit of w?
1
Let q(v) = -v**3 - 6*v**2 - 2. Let k be q(-6). What is the units digit of k/9 - (-292)/18?
6
Let d be (-1 - -5)/(-1 - 0). Let i be (-8)/28 - (-46)/14. What is the units digit of (-6)/d*2/i?
1
Let o(w) = -30*w + 1. Let b be o(2). Let f = b - -85. What is the units digit of f?
6
Suppose -3*i = s + 2*s - 24, 5*s = -i - 12. What is the units digit of i?
3
Let z be 0 + (-1)/(1/(-4)). Let x be z/20 + 24/5. Suppose 3*d = 6, 0*v + 1 = -v + x*d. What is the units digit of v?
9
Suppose 5*t + 3*r = -50 + 211, 4*t - 145 = 3*r. What is the tens digit of t?
3
Suppose 2*k - 11 = -29. Let d = k + 14. What is the units digit of d?
5
Let d be ((-4)/(-5))/(3/15). Suppose -d*y - y + 45 = 0. What is the units digit of y?
9
Let v be 1/2*24/4. Suppose 4*t = -4*i + 4, 0 = -v*i + i - 3*t - 3. What is the units digit of i?
6
Suppose 0 = m - 9 - 10. What is the tens digit of m?
1
Suppose 2*s = 2 - 10. What is the units digit of (s/6)/((-2)/51)?
7
Let f(l) = l**3 + 12*l**2 - 17*l - 11. What is the tens digit of f(-13)?
4
Let m = -74 + 170. What is the units digit of m?
6
Let y(t) = 2*t**2 - t + 1. Let j be y(1). Suppose -d + 6 = j*d. Suppose -19 + 5 = -d*q. What is the units digit of q?
7
Let a = 48 + 123. What is the tens digit of a?
7
Suppose -4*z = -3*m + 68, -3*m + z = 4*z - 54. What is the tens digit of m?
2
Let q(y) = -2*y**3 - 10*y**2 + 2*y + 4. What is the units digit of q(-7)?
6
Suppose 0 = 2*v + v - 2*i - 313, 6 = -3*i. What is the tens digit of v?
0
Let n = 476 - 229. What is the tens digit of n?
4
Let b(y) = y**2 - 11*y + 7. Let w = 9 + 1. Let t be b(w). What is the units digit of 2/5 + t/(-5)?
1
Let i(n) = -19*n - 6. What is the units digit of i(-2)?
2
Let i = -1 - -9. Let k = 5 + i. What is the tens digit of k?
1
Suppose -5*p - f = -p - 105, 0 = -p - 3*f + 18. What is the units digit of p?
7
Let x = 102 + -91. What is the units digit of x?
1
Let z be -3*5*(-3)/9. Let v be (-5 + -1)/(2 - 3). Suppose -41 = -z*f - v. What is the units digit of f?
7
Let o(r) = -2*r**3 - 4*r**2 - r + 2. Let u be o(-2). Let g(d) = 1 + 1 + 4 - d**2 + u*d. What is the units digit of g(5)?
1
Let b = 20 + 10. What is the units digit of b?
0
Let d = 128 + -3. What is the units digit of d?
5
What is the units digit of (4 - -5) + -3 - 2?
4
Suppose 0 = p - 5*g + 27, 4*p = -p + 3*g - 91. Let f = p - -12. Let s(z) = z**2 + 5*z + 5. What is the units digit of s(f)?
5
Let c(t) = -t**2 - 16*t - 4. Let f be -5 + -6 - 6/2. What is the tens digit of c(f)?
2
Let j = -50 + 135. What is the units digit of j?
5
Let b(i) = 10*i**2 + 2*i - 1. What is the tens digit of b(1)?
1
Let d = -1 - 34. What is the tens digit of (150/d)/(2/(-14))?
3
Suppose 0 = -4*f - 50 + 182. What is the tens digit of f?
3
Let p(z) = -3*z + 5. What is the tens digit of p(-5)?
2
Let q(l) = 3*l**2 + 2*l + 1. Let j be q(-1). Let s(u) = u**j - u + 0*u**2 + 6*u. What is the units digit of s(-6)?
6
Let z(b) = b**3 + 7*b**2 + 5*b - 4. Let k be z(-6). Let v(n) = 6*n**2 - n + 2. Let g be v(k). What is the units digit of (g/(-10))/(9/(-30))?
8
Suppose 2*g + 404 = 3*p, 4*p - 3*g - g - 536 = 0. What is the tens digit of p?
3
Suppose -4*d + 39 = -3*d. Suppose z - d = -2*z. What is the tens digit of z?
1
Let v be -3 + 0/(-1) - -15. Let n(y) = -y**3 + 6*y**2 + 3*y. Let i be n(6). Let c = i - v. What is the units digit of c?
6
Let z(n) = -15*n - 4. Let p(b) = -b**2 - 5*b - 6. Let a be p(-4). What is the units digit of z(a)?
6
Let a = -1 - -4. Suppose 0 = a*t - 5*z + 3*z - 33, t + 5*z = 28. What is the tens digit of t?
1
Let n = -15 + 9. What is the units digit of n/8 - (-215)/20?
0
Let a(n) = n - 2. Let s be a(5). Let g = -33 + 61. Suppose z = 4*t - 0*t - 42, s*t = -z + g. What is the units digit of t?
0
Let v be -4*(3/6 + -1). Suppose v*u + 16 = 4*y, -y - y - 4*u = 2. What is the units digit of y?
3
Suppose -3*z + 3*h = -51, 0*h = 2*z + 3*h - 14. What is the units digit of z?
3
Let f(t) = -t + 4. What is the units digit of f(-8)?
2
Let y(c) = 2*c + 4. Let d be y(0). Suppose 5*j + 5*k = -0*j + 75, d = -k. What is the tens digit of j?
1
Let j = -198 - -318. What is the units digit of j?
0
Let p(i) = -i**3 - 8*i**2 + 7*i - 13. Let x = 1 + -10. Let d be p(x). Let o = d + -1. What is the units digit of o?
4
Suppose -3*g - 18 = q - 4*q, 0 = -g - 1. Suppose -q*d + 130 = -0*d. What is the units digit of d?
6
Let z(r) = -r - 1 + 5*r**2 - 2*r - 4*r**2 + 4*r. What is the tens digit of z(-4)?
1
Suppose 0 = -3*g + g - 2. Suppose -2*w = 2*v - 3*v - 2, 2*w - 12 = -4*v. Let p = w + g. What is the units digit of p?
1
Let f = -15 - -15. Suppose -4*b + 26 + 29 = p, b - 2*p - 25 = f. What is the units digit of b?
5
Let c(h) = -h**2 - 9*h - 5. Let p be c(-8). Suppose -2*k + 9 = -p*u + 4*u, k + 4*u = 8. What is the units digit of k?